 divide 111?
False
Does 16 divide 81656?
False
Is 19940 a multiple of 20?
True
Does 13 divide 1397?
False
Is 13 a factor of 1584?
False
Is 46 a factor of 16008?
True
Is 11 a factor of 627?
True
Does 32 divide 495?
False
Does 46 divide 565?
False
Is 933 a multiple of 34?
False
Is 12 a factor of 252?
True
Is 40 a factor of 760?
True
Is 31 a factor of 656?
False
Is 99 a multiple of 21?
False
Does 89 divide 21097?
False
Is 66 a factor of 2640?
True
Is 6003 a multiple of 69?
True
Is 4300 a multiple of 10?
True
Does 12 divide 60?
True
Does 20 divide 6720?
True
Is 10 a factor of 123?
False
Is 138 a multiple of 4?
False
Is 26 a factor of 389?
False
Is 44 a factor of 72?
False
Is 1659 a multiple of 79?
True
Does 133 divide 10664?
False
Does 7 divide 8553?
False
Does 6 divide 140?
False
Does 55 divide 2145?
True
Is 102906 a multiple of 83?
False
Is 7 a factor of 5647?
False
Is 902 a multiple of 41?
True
Is 57 a factor of 7256?
False
Is 829 a multiple of 5?
False
Is 15 a factor of 616?
False
Is 14 a factor of 1459?
False
Is 416 a multiple of 26?
True
Is 233 a multiple of 81?
False
Is 113 a factor of 4294?
True
Does 9 divide 486?
True
Does 35 divide 2520?
True
Is 78 a factor of 12246?
True
Does 14 divide 1162?
True
Does 218 divide 9008?
False
Is 4 a factor of 184?
True
Is 63139 a multiple of 103?
True
Does 62 divide 4658?
False
Is 58 a factor of 20010?
True
Is 4 a factor of 356?
True
Does 69 divide 3556?
False
Does 30 divide 55434?
False
Is 224 a factor of 11591?
False
Does 39 divide 774?
False
Does 25 divide 775?
True
Does 7 divide 11?
False
Is 1277 a multiple of 105?
False
Is 85260 a multiple of 49?
True
Does 16 divide 47?
False
Is 178 a multiple of 5?
False
Does 34 divide 12172?
True
Is 69 a factor of 10651?
False
Is 2610 a multiple of 145?
True
Is 52 a multiple of 4?
True
Is 14 a factor of 78313?
False
Does 7 divide 24268?
False
Is 35 a factor of 2660?
True
Is 45 a factor of 1980?
True
Is 720 a multiple of 2?
True
Is 2505 a multiple of 6?
False
Does 143 divide 8151?
True
Does 403 divide 94892?
False
Does 28 divide 618?
False
Is 10 a factor of 189?
False
Is 407 a multiple of 77?
False
Is 1450 a multiple of 5?
True
Does 76 divide 988?
True
Does 131 divide 15673?
False
Is 1483 a multiple of 36?
False
Is 7 a factor of 378?
True
Is 5 a factor of 870?
True
Is 3808 a multiple of 34?
True
Is 2436 a multiple of 6?
True
Is 10 a factor of 595?
False
Is 14 a factor of 24177?
False
Is 45 a factor of 4455?
True
Does 102 divide 26010?
True
Is 13 a factor of 611?
True
Is 22 a factor of 2055?
False
Is 17 a factor of 850?
True
Is 13 a factor of 1303?
False
Is 58524 a multiple of 269?
False
Is 460 a multiple of 20?
True
Is 39 a factor of 12597?
True
Is 124 a multiple of 8?
False
Is 5776 a multiple of 16?
True
Is 40 a factor of 87805?
False
Is 5 a factor of 1810?
True
Does 11 divide 2376?
True
Is 75 a factor of 5550?
True
Is 150 a multiple of 15?
True
Is 3204 a multiple of 4?
True
Is 7369 a multiple of 8?
False
Is 1099 a multiple of 8?
False
Is 645 a multiple of 15?
True
Is 10 a factor of 890?
True
Is 110 a factor of 47850?
True
Is 8 a factor of 370?
False
Is 24 a factor of 11784?
True
Is 7 a factor of 708?
False
Is 6098 a multiple of 5?
False
Is 1043 a multiple of 41?
False
Is 46 a factor of 736?
True
Is 4 a factor of 1368?
True
Does 2 divide 1355?
False
Does 12 divide 452?
False
Is 36281 a multiple of 10?
False
Does 21 divide 5068?
False
Does 13 divide 1044?
False
Does 47 divide 2586?
False
Does 145 divide 6815?
True
Is 122 a factor of 4514?
True
Is 6 a factor of 5466?
True
Is 18244 a multiple of 84?
False
Is 774 a multiple of 5?
False
Is 278 a multiple of 6?
False
Is 18 a factor of 25795?
False
Does 74 divide 74?
True
Does 7 divide 3141?
False
Is 1071 a multiple of 4?
False
Is 912 a multiple of 19?
True
Is 9 a factor of 74?
False
Does 9 divide 164?
False
Does 30 divide 840?
True
Is 116 a factor of 8352?
True
Does 2 divide 27?
False
Does 17 divide 306?
True
Does 36 divide 580?
False
Is 35 a factor of 12915?
True
Does 23 divide 2989?
False
Is 7 a factor of 600?
False
Does 87 divide 2197?
False
Is 11 a factor of 237?
False
Does 3 divide 243?
True
Does 27 divide 49?
False
Does 6 divide 2610?
True
Does 27 divide 54486?
True
Does 17 divide 136?
True
Is 148 a factor of 38480?
True
Is 156448 a multiple of 167?
False
Is 10 a factor of 84459?
False
Does 42 divide 2538?
False
Is 49878 a multiple of 18?
True
Is 738 a multiple of 28?
False
Is 950 a multiple of 12?
False
Does 45 divide 3201?
False
Is 32838 a multiple of 14?
False
Is 10 a factor of 6680?
True
Is 3648 a multiple of 114?
True
Does 3 divide 95?
False
Does 14 divide 18872?
True
Is 4 a factor of 288?
True
Does 7 divide 25622?
False
Does 14 divide 1190?
True
Is 6631 a multiple of 19?
True
Is 30898 a multiple of 14?
True
Is 17 a factor of 816?
True
Is 1800 a multiple of 24?
True
Does 36 divide 844?
False
Is 410 a multiple of 18?
False
Does 3 divide 1250?
False
Is 12216 a multiple of 24?
True
Does 34 divide 7118?
False
Does 11 divide 37?
False
Does 28 divide 3668?
True
Does 25 divide 14950?
True
Is 11800 a multiple of 10?
True
Is 4 a factor of 2728?
True
Does 119 divide 6282?
False
Does 18 divide 10476?
True
Does 25 divide 47875?
True
Is 4 a factor of 152?
True
Is 15 a factor of 810?
True
Is 31 a factor of 58174?
False
Is 31 a factor of 49507?
True
Is 98 a factor of 2785?
False
Is 23 a factor of 897?
True
Does 47 divide 1049?
False
Does 139 divide 2085?
True
Is 2646 a multiple of 14?
True
Is 2407 a multiple of 6?
False
Does 11 divide 88?
True
Is 108 a multiple of 18?
True
Does 70 divide 11168?
False
Does 14 divide 821?
False
Is 477 a multiple of 4?
False
Is 3 a factor of 258?
True
Is 4347 a multiple of 69?
True
Is 16 a factor of 19836?
False
Does 2 divide 128?
True
Does 13 divide 2717?
True
Does 25 divide 20482?
False
Is 30869 a multiple of 36?
False
Is 897 a multiple of 71?
False
Is 2337 a multiple of 8?
False
Is 11 a factor of 21637?
True
Is 633 a multiple of 58?
False
Does 14 divide 5964?
True
Does 11 divide 1397?
True
Does 15 divide 28?
False
Is 348 a multiple of 4?
True
Is 8960 a multiple of 28?
True
Does 15 divide 2086?
False
Is 287 a multiple of 19?
False
Is 23621 a multiple of 260?
False
Is 52 a factor of 100570?
False
Is 21 a multiple of 15?
False
Is 858 a multiple of 11?
True
Is 221 a factor of 12529?
False
Is 1114 a multiple of 31?
False
Is 49 a factor of 4214?
True
Is 1029 a multiple of 49?
True
Is 3 a factor of 4650?
True
Does 43 divide 2426?
False
Is 9 a factor of 31005?
True
Does 4 divide 604?
True
Is 6 a factor of 1390?
False
Is 128 a multiple of 32?
True
Is 185 a factor of 16665?
False
Does 76 divide 833?
False
Is 869 a multiple of 17?
False
Does 14 divide 5571?
False
Is 190 a factor of 8679?
False
Does 186 divide 111477?
False
Does 6 divide 9453?
False
Is 29939 a multiple of 13?
True
Does 13 divide 50141?
True
Does 368 divide 71760?
True
Does 93 divide 15903?
True
Does 4 divide 677?
False
Is 1332 a multiple of 27?
False
Does 2 divide 82?
True
Is 63 a factor of 129593?
False
Does 32 divide 37428?
False
Is 92 a factor of 9016?
True
Is 16 a factor of 768?
True
Is 12 a factor of 708?
True
Is 10872 a multiple of 12?
True
Is 25555 a multiple of 53?
False
Does 41 divide 1555?
False
Is 50 a factor of 52650?
True
Is 14742 a multiple of 49?
False
Is 26 even?
True
Is 55 a factor of 7365?
False
Is 12064 a multiple of 104?
True
Does 3 divide 641?
False
Is 18 a factor of 3954?
False
Is 80 a factor of 17840?
True
Does 34 divide 15640?
True
Is 745 a multiple of 71?
False
Is 17616 a multiple of 48?
True
Does 118 divide 25117?
False
Is 1043 a multiple of 13?
False
Is 2424 a multiple of 6?
True
Does 294 divide 21462?
True
Does 24 divide 2400?
True
Is 19182 a multiple of 23?
True
Is 1830 a multiple of 68?
False
Does 38 divide 1804?
False
Does 13 divide 6227?
True
Is 58 a multiple of 7?
False
Is 13986 a multiple of 9?
True
Does 43 divide 22837?
False
Is 943 a multiple of 23?
True
Is 5 a factor of 21163?
False
Does 304 divide 5548?
False
Is 124 even?
True
Does 21 divide 29312?
False
Does 28 divide 7616?
True
Is 2 a factor of 1042?
True
Is 7 a factor of 210?
True
Does 3 divide 20350?
False
Is 158 a factor of 17696?
True
Is 799 a multiple of 47?
True
Is 14 a factor of 1224?
False
Is 83952 a multiple of 24?
True
Does 84 divid